 + 3*l - 10. Let h(m) = -3*j(m) + 8*u(m). Calculate h(o).
7
Let u(p) = -p**2 + 11*p - 7. Let t = -44 + 53. Calculate u(t).
11
Let m(o) = o + 2. Let l(z) = z**3 - 4*z**2 + 4*z - 1. Let f be l(3). Give m(f).
4
Suppose 2*o = b + 2 - 6, 0 = 3*o. Let p(r) = 2*r - b*r - 7*r**2 + 4*r + 1 - r. Give p(-1).
-7
Let u(i) = 7*i. Let p(t) = -t**3 - 12*t**2 - 12*t - 10. Let r be p(-11). Give u(r).
7
Let n be (4*1)/((-1)/2). Let o(p) = -p - 7. Let m be o(n). Let w(u) = -u**2 + 7*u - 1. Let s(t) = -t**2 - t. Let g(c) = -6*s(c) - w(c). Calculate g(m).
7
Suppose 0*v + 23 = 4*c - 5*v, -5*c - 4*v = -80. Let l = c - 9. Let f(q) be the first derivative of q**3/3 - q**2 + 4*q - 1. Determine f(l).
7
Let u(a) = a**3 - 4*a**2 - 5*a - 3. Let w be u(5). Let v(f) = f**2 + 5*f + 1. What is v(w)?
-5
Suppose -a + 9*a + 16 = 0. Let h(n) = -n**2 - 4*n - 3. Give h(a).
1
Let r(v) = v + 1. Let w(k) = -5*k - 12. Let b(c) = -6*r(c) - w(c). Give b(0).
6
Let k(f) = -6*f + 6 - f + 5*f. Let u be k(5). Let r(p) = -2*p**2 - 6*p - 3. Calculate r(u).
-11
Suppose -4*a = -12, 4*w + 2*a = 3*a - 7. Let k be (-1)/(-2) - 21/(-6). Let n(m) = -12*m**3 - 1 + 2 - k*m**2 + 2*m**2 + 0. Determine n(w).
11
Let j(b) = -2*b + 2. Let c(l) = l**3 - 5*l**2 + 7*l - 6. Let h be c(4). Give j(h).
-10
Let z(j) = 100*j**2 - 2*j**3 + 4 - 104*j**2 + j**3. Give z(-4).
4
Let p(x) be the second derivative of -5/6*x**3 - 1/12*x**4 + 0 - 3/2*x**2 - 8*x. Give p(-5).
-3
Suppose 4*z = t + 9, -z + 0*z - t = -1. Let h(a) = -2 - 2*a**z + 0*a**2 - 83*a + 80*a. Let p = -2 + 0. Calculate h(p).
-4
Suppose -100 = -0*g - 5*g. Suppose 3*w - g = -w. Let u(c) = -c**3 + 4*c**2 + 2*c + 7. Give u(w).
-8
Let c(j) = -4*j - 4. Suppose 4 = 3*m - 11. Suppose m*d - 17 = 8. Suppose d*k = 3*k - 8. Calculate c(k).
12
Suppose -k + 2*k - 2 = 0. Suppose 0 = w + 1, 5*p - 4*w - 25 = 9. Let b be ((-1)/k)/(p/12). Let g(y) = -9*y**3 - y**2 + y + 1. Calculate g(b).
8
Let s(y) = -3*y - 3*y + 3*y. What is s(-3)?
9
Let r(l) = -1. Let j(m) = -2*m + 3. Let b(p) = -j(p) - 4*r(p). Let k = 1 + -2. Calculate b(k).
-1
Let c(r) = -2*r**3 - 25*r**2 - 23*r + 9. Let y(q) = -q**3 - 13*q**2 - 12*q + 5. Let z(w) = -6*c(w) + 11*y(w). Calculate z(-6).
1
Let d(r) = 4*r**3 - 6*r**2 - 2*r - 3. Let l(v) = v**3 - v**2. Let k(n) = -d(n) + 3*l(n). Let i be ((-5)/(-10))/(3/(-42)). Let g = i + 10. Calculate k(g).
9
Let c(f) be the second derivative of f**7/840 + f**6/60 + f**5/24 + f**4/6 + f**3/2 - 3*f. Let m(v) be the second derivative of c(v). Determine m(-5).
4
Let w(c) = -c - 4. Let y be w(-6). Let i = y - 1. Let b(n) be the first derivative of -2*n**2 - n + 4. Determine b(i).
-5
Let y(i) = i**2 - 7*i + 9. Let p be (-6)/9 - (-60)/9. Let j be y(p). Let k(t) = -t**2 + 2*t - 4. Determine k(j).
-7
Suppose -2*h + 1 = -3. Suppose -h = -0*z + z. Let j(r) = 1 + 38*r**3 + r**2 - 3*r - 36*r**3 - 2. Calculate j(z).
-7
Suppose -3*n + 49 = 19. Suppose -4*c = 26 - n. Let i(f) = -f**3 - 3*f**2 + 3*f - 1. Give i(c).
3
Let s(v) = -4*v + 20. Let n be s(6). Let h(g) = g**3 + 3*g**2 - 5*g - 6. What is h(n)?
-2
Let q = 81 - 82. Let z(u) = 7*u**3 - 2*u**2 - 2*u - 1. What is z(q)?
-8
Let w(c) = -9*c**2 + 0*c**2 - c**3 - 4 + 2*c**2 - 5*c. Give w(-6).
-10
Let w(d) = -d**2 - 4*d. Let b(g) = -g**2 + 8*g + 3. Let q be b(9). Give w(q).
-12
Suppose 9*t - 5 = 4*t. Let u be (t - 0)/(4/8). Let l be (1 + 0)/(1 - u). Let r(b) = -10*b. Determine r(l).
10
Let y(l) = -2*l + 1. Let r(f) = 2*f + 6. Let o be r(-3). Suppose o*j + 2*j = 8. Calculate y(j).
-7
Let z = 17 - 10. Let k = z - 9. Let r(l) = 6*l - 1. Calculate r(k).
-13
Let t(p) be the second derivative of p**5/20 - p**4/3 + p**3/3 + p**2 + 27*p. Let n = -6 - -9. Determine t(n).
-1
Let l = 8 - 12. Let u = -4 - l. Suppose 3*i - 3*w = 3, -5*i + 14 = 4*w - u*w. Let r(f) = 4*f. Give r(i).
8
Let y(f) = -7*f**3 + 4*f**2 - 1. Let s(u) = -11*u**3 - 11*u**3 + 15*u**2 - 3 + 3*u**2 - 5*u**2. Let r(t) = -2*s(t) + 7*y(t). What is r(-1)?
6
Let y(g) be the first derivative of 4 + 3*g**2 - 2 - g + 2*g. Calculate y(1).
7
Let x(r) be the first derivative of -2*r**2 + 3*r - 3*r**2 + 6*r**2 + 10 - 4*r. Let o(w) = w - 8. Let k be o(6). Give x(k).
-5
Let t(s) = -s**2 - 5*s - 3. Suppose 4*j - 11 - 8 = 5*w, 27 = 4*j + 3*w. Suppose 4*z + 3 = -3*i, 4*z - j*i + 18 = -4*i. Calculate t(z).
3
Suppose -2*i + 26 - 4 = 4*m, 5*m + 4*i = 26. Let g be 4/2*16/8. Let a(r) = -r**3 + 9 + 3 - 2*r - 4 + 2*r**2 + g*r**2. Determine a(m).
-4
Let g = -8 + 13. Let u(x) = 6*x + 7. Let l(q) = -5*q - 6. Let o(z) = 7*l(z) + 6*u(z). Give o(g).
5
Let b(n) = -4*n**2 - n**3 - n**2 - 2 + 8. Let x(z) = -z**3 + 6*z**2 - 2*z + 7. Let u be x(6). What is b(u)?
6
Suppose 6 + 5 = v. Let y = 8 - v. Let l(q) be the first derivative of q**3/3 + q**2 + q + 1. What is l(y)?
4
Let c(o) = -7*o**2 - 2*o + 5. Let h be 2 + -9 + 0 + 1. Let k(w) = 4*w + 13*w**2 + w**2 - w**2 - 13 + 4. Let t(v) = h*k(v) - 11*c(v). What is t(-2)?
-1
Let j(s) = s**3 - s**2 - 4*s. Let o be j(3). Let w(q) = q**2 - 7*q + 7. What is w(o)?
1
Let b(z) be the first derivative of z**5/60 - z**4/4 + 5*z**3/6 - 7*z**2/2 - 6. Let d(j) be the second derivative of b(j). Calculate d(4).
-3
Let o(y) = -2*y**3 + y**2 - 4*y + 4. Let q(n) = 3*n**3 - n**2 + 5*n - 4. Let p(l) = 4*o(l) + 3*q(l). Determine p(0).
4
Let x(f) = -24*f + 14. Let i(n) = n - 1. Let g(w) = 2*i(w) - x(w). Let s = -16 + 18. Let k(c) = 5*c - 3. Let q(b) = s*g(b) - 11*k(b). Calculate q(-1).
4
Let i(o) = -4*o**3 + 15*o**2 - 3*o + 10. Let h(m) = -m**3 + 5*m**2 - m + 3. Let d(z) = 7*h(z) - 2*i(z). What is d(-5)?
6
Let d(y) = -y**2 - 7*y + 5. Let h(c) = -2*c**2 + 4*c + 8. Let g be h(4). Give d(g).
-3
Let s(o) = 2*o - 4. Suppose 0 = -2*p - 3*i - i + 18, -5*p = 2*i - 29. Suppose -x = -2*x - p*u + 10, 0 = 3*x + 5*u - 20. Calculate s(x).
6
Let h(c) = c**2 + 4*c + 3. Let n be h(-4). Let y be (-8)/(-24) - 5/(-3). Let q(s) = -1 + 3*s - y*s - 1 - 1. Give q(n).
0
Let y(h) = 6*h - 1. Suppose 0 = 3*r + 2*o + 8, 6*o - 24 = 5*r + 4*o. Let p be (r + 2)/((-2)/1). Determine y(p).
5
Let o(g) be the second derivative of -g**5/5 - g**4/6 + g**3/3 - g**2/2 + 3*g. What is o(1)?
-5
Suppose 2*a + 4 - 2 = 5*l, 0 = -2*l + 4. Suppose 4*f + f = -5*n + 80, 0 = -4*n - 5*f + 65. Suppose 0 = x + a*x - n. Let r(q) = 2*q**2 - 5*q + 4. Give r(x).
7
Let i(u) = u**2 + 6*u - 2. Suppose 0 = 3*s + 19 - 1. Give i(s).
-2
Let n = 0 - -7. Let i(m) = 10*m - n*m + 9*m + 1. Give i(-1).
-11
Let q(y) = -11*y**3 - 2*y**2 + 1. Let p be q(1). Let n = p - -11. Let v(g) = 4*g**2 + 1. Calculate v(n).
5
Let t(q) = -q. Let x(n) = n + 1. Let b(f) = t(f) + 4*x(f). What is b(4)?
16
Let t(f) = -f**2 + 4*f + 2. Let u = 123 + -119. Calculate t(u).
2
Suppose -5*w - q - 36 = -101, 2*w + q - 23 = 0. Let k be 7/w - (-25)/2. Let x = k - 10. Let z(o) = -2*o**2 + 3*o + 1. Determine z(x).
-8
Let f(q) be the third derivative of 0 + 1/60*q**5 - 1/180*q**6 + 2*q**2 + 1/3*q**3 + 0*q + 1/24*q**4. Let c(j) be the first derivative of f(j). Give c(-1).
-3
Let h be (-5)/1*(-7 + 8). Let r(q) = -2 - 6*q**2 - q**3 - 3*q - q - 2*q. Determine r(h).
3
Suppose 5*h - 15 = 3*u, -9 = 5*u - 0*h - 3*h. Suppose 2 = -m - u*m. Let z(g) = 3*g**2 + 2*g - 2. Calculate z(m).
6
Let j(t) = t + 1. Let s be (0 - -1)*(-14)/(-7). Suppose i + 2*n = -14, -5*i + s*n + n = 18. What is j(i)?
-5
Let v(z) = 10*z**3 - z. Suppose -38 = 5*w + 12. Let p = w + 9. Calculate v(p).
-9
Let o(c) = -7*c - 39. Let n be o(-5). Let g(k) = -k**3 - 5*k**2 - 2*k + 5. Calculate g(n).
-3
Let i(r) = -r. Let p(s) = -2*s - 3. Let t(b) = 4*i(b) - p(b). Let o be (-10)/25 - 22/(-5). Suppose y = -y + o. Determine t(y).
-1
Let s(n) = -5*n**3 + 4*n**2 - n + 2. Let v(l) = 9*l**3 - 7*l**2 + 2*l - 5. Let r(k) = 7*s(k) + 4*v(k). Calculate r(0).
-6
Let p(d) = 7*d**3 - 5*d**2 - 6*d + 1. Let f(b) = 15*b**3 - 10*b**2 - 12*b + 2. Let o(s) = 6*f(s) - 13*p(s). What is o(6)?
-1
Suppose c = -4*c. Let q be (c/3 + -1)*-3. Let u(m) = -3*m**2 + q*m**2 + 4*m**2. What is u(1)?
4
Let h(u) be the third derivative of u**2 + 0*u - 1/12*u**4 + 1/6*u**3 + 0. What is h(-3)?
7
Let t(l) be the second derivative of l**3/2 - 4*l**2 - 5*l. Calculate t(7).
13
Let d(z) be the first derivative of -z**6/120 + z**3/6 - z**2/2 - 3. Let n(m) be the second derivative of d(m). Calculate n(0).
1
Let d(x) be the second derivative of x**4/12 + 5*x**3/6 + x**2 - x. Suppose 3*t = -11 -